 65*z**3 - 3*z**2 + 7*z - 2. Suppose -b + 7*o - 4 = 4*o, -5*b - 3*o = -16. Let n be j(b). Suppose -82 = -7*m + n. What are the prime factors of m?
2, 43
Let b = -235 + 237. Suppose -4*q - b*y = -2942, -7*y = 3*q - 2*y - 2203. What are the prime factors of q?
2, 23
Let x = -50 + 52. Let w be (x/7)/((-2)/(-28)). Suppose 5*g + 0*r - 1088 = w*r, g = 3*r + 222. List the prime factors of g.
2, 3
Let b(a) = -57*a**2 + a + 3. Let k be b(-2). Let s be -316 + -2*(-2)/(-2). Let z = k - s. What are the prime factors of z?
7, 13
Let l(j) = j. Let r(d) = 46*d**2 + 13*d - 9. Let t(u) = -4*l(u) + r(u). List the prime factors of t(2).
193
Let k = 43 - 51. Let u be 0/((-8)/(k/(-2))). Suppose 21*w - 20*w - 57 = u. List the prime factors of w.
3, 19
Suppose -257*j - 3430 = -252*j. Let i = j + 1187. List the prime factors of i.
3, 167
Let g(a) be the first derivative of -249*a**2/2 - 132*a + 142. List the prime factors of g(-4).
2, 3
Let g(a) = 2*a**2 + 47*a + 30. Let h be g(-23). Suppose -29 + 435 = -h*u. Let m = 25 - u. What are the prime factors of m?
83
Let a be (271620/(-170))/(-2) - 2/(-17). Let k = a - 495. List the prime factors of k.
2, 19
Let g = 18945 + -16110. What are the prime factors of g?
3, 5, 7
Let g be 0/(-3 - (-1 + -1)). Let t be 272/34 - (-4 + -610). Suppose g = -6*c - 136 + t. List the prime factors of c.
3
Suppose -3*r + 18 + 6 = 0. Suppose -298 - 222 = -r*h. Let y = 136 - h. List the prime factors of y.
71
Let k(f) = -2*f**3 - 18*f**2 + 18*f + 21. Let t be k(-10). Suppose -t = 2*n + 2*x + 27, -4*x = n + 25. Let c = 13 - n. What are the prime factors of c?
2, 5
Suppose -o = -606 - 27. Let r = 4 + o. What are the prime factors of r?
7, 13
Let x = -185 - -216. Let n(z) = 7*z - 201. What are the prime factors of n(x)?
2
Let k(b) = -3*b**3 + 22*b**2 - 11*b + 1. Let t be k(4). Suppose r - t = 692. List the prime factors of r.
809
Let p = 424 + 335. What are the prime factors of p?
3, 11, 23
Let z(k) = 2*k**2 + 2*k - 7. Let n be z(-3). Suppose -2*j + 210 = n*j. What are the prime factors of 12*8/j + (-1)/5?
3
Let p = 14634 - 2670. What are the prime factors of p?
2, 3, 997
Suppose -14115 = -38*s + 1579. List the prime factors of s.
7, 59
Suppose 0 = -6*b + 8*b - 8. Suppose -51 = -b*x + 173. Let o = -14 + x. What are the prime factors of o?
2, 3, 7
Let c = -354 - -358. Suppose -5*f = c*x - 925, 25*x - 461 = 23*x - 3*f. What are the prime factors of x?
5, 47
Let i(a) = -5*a**2 - 5*a - 24. Let s be i(-4). List the prime factors of 9*(-7)/s - 1082/(-8).
2, 17
Let y = 204 - 693. Let x = 837 + y. What are the prime factors of x?
2, 3, 29
Suppose -4*y - 46092 = -3*x, 11*x + 3*y = 15*x - 61456. What are the prime factors of x?
2, 23, 167
Let i(z) = -z**2 + 3*z + 13. Let d be i(5). Let v be (d - -2)*(-3)/5. List the prime factors of 1 + (-214)/v - 3/9.
2, 3
Let x be (-8)/(-16) + (-2)/4. Suppose y + 2*y + 1105 = 5*p, -5*p + 4*y + 1105 = x. Let d = p - 123. List the prime factors of d.
2, 7
Let y be (-2 - -1)/(22/220). Let s(g) = -g**2 - 22*g + 14. List the prime factors of s(y).
2, 67
Suppose -15147 = -15*n + 6*n. Let c = -1078 + n. List the prime factors of c.
5, 11
Suppose -142 = 10*m + 298. Let v = m + 54. What are the prime factors of v?
2, 5
Let z be (3/2)/(3/840 - 0). Let r = -240 + z. What are the prime factors of r?
2, 3, 5
Let a(c) = 2*c**3 + 108*c**2 + 337*c + 39. What are the prime factors of a(-48)?
3, 1279
Let c = 218 + -210. List the prime factors of (-7740)/(-22) + 5/(220/c).
2, 11
What are the prime factors of 508*6/15 + (-2)/10?
7, 29
Let a be 20/(-15)*(-1*6 - -3). Let b be (-2 - (a - 6)) + 0. Suppose -5*x + 77 - 7 = b. List the prime factors of x.
2, 7
Let k(o) = 12*o**2 - 2*o + 1. Let h be k(3). Let z be 4/2 - (2 - h). Let g = 160 - z. List the prime factors of g.
3, 19
Suppose 42*u - 2 = 41*u. Suppose 2*x = -u*j - 4, -6*j = -3*j - 3*x + 6. List the prime factors of j/3*21*-1.
2, 7
Let m(j) = -46*j - 128. Suppose -4*k + 3*w = 51, -62 = 5*k + 5*w - 7*w. List the prime factors of m(k).
2, 53
Let k be (24/9)/1*15/2. Let l be ((-19)/4)/((-14)/56). List the prime factors of -2 + 4/k + l/5.
2
Suppose -5843 - 7266 = -s + 5*f, 5*s - f - 65449 = 0. What are the prime factors of s?
3, 4363
List the prime factors of ((-1360)/816)/(1/(-13494)).
2, 5, 13, 173
Let s(u) = -6382*u + 428. What are the prime factors of s(-6)?
2, 5, 11
Suppose -1084759 - 1042913 = -87*r. List the prime factors of r.
2, 3, 1019
Suppose -w - 2*w + 18 = 0. Let q be (-19 + -3 + w)/(3/(-12)). Suppose 5*f - 108 = -s, 0*f + 3*f + s = q. What are the prime factors of f?
2, 11
Let h = 15318 - 2839. List the prime factors of h.
12479
Let r(v) be the second derivative of 29*v**4/6 + v**3/6 + 7*v**2/2 + 17*v. Let t be r(-2). Suppose 34*i - t = 31*i. What are the prime factors of i?
79
Suppose -82*q - 1792 = -86*q. Let b = 787 - q. List the prime factors of b.
3, 113
Let w = 45 - 31. Let i(m) = w*m - 19 - 33 + 6. What are the prime factors of i(15)?
2, 41
Let h = -197 + 199. Suppose -4*n - 2*k = -182, 4*n + 6*k - h*k - 184 = 0. What are the prime factors of n?
3, 5
Let j(b) = -b**3 + 4*b**2 - 3*b - 4. Let k be j(5). Let o = 59 - k. List the prime factors of o.
103
Suppose -5*h + 105 = -190. Let n = h - 55. Suppose -41 = -3*b - 2*s, 0 = 4*s - 0*s - n. List the prime factors of b.
13
Suppose 5*l = -10, x + 4*l - 50244 = 3721. List the prime factors of x.
3, 1999
Let q(n) be the third derivative of 0 + 1/20*n**5 + 0*n + 17/24*n**4 - 20*n**2 - 1/6*n**3. What are the prime factors of q(-9)?
89
Suppose -2*x - 2*x + 58 = -l, -64 = -4*x + 4*l. Let i = 18 - x. What are the prime factors of 172 + (16/i - 5)?
3, 19
Suppose -23*d + 63565 = -48422. List the prime factors of d.
3, 541
Let b(f) = f**2 - 17*f + 5. Let r be b(10). Let i = 91 - r. Suppose 0 = -3*q - 3*t + i + 72, -5*q + 2*t + 380 = 0. What are the prime factors of q?
2, 19
Let k be 4/(-10) - (-13)/((-585)/(-108)). Suppose 0 = -3*o - 6, 685 = 5*j - k*o - 1299. What are the prime factors of j?
2, 3, 11
Let b = 9251 + 3306. List the prime factors of b.
29, 433
Let f(c) = -501*c**3 - 31*c**2 + 23*c + 8. What are the prime factors of f(-4)?
2, 17, 463
Suppose -20 = -3*s - 2*s, -t - 3*s = -17. Suppose -o + 4*y = -113, 441 + 79 = t*o - 5*y. What are the prime factors of o?
101
Suppose -15*j - 625 = 10*j. What are the prime factors of (-27310)/j - (-3)/5 - 0?
1093
Let k = 29943 + 6434. List the prime factors of k.
11, 3307
Let s(z) be the second derivative of 3*z**5/10 - z**4 + 7*z**3/3 + 32*z**2 + 4*z + 23. What are the prime factors of s(7)?
2, 3, 17
Let b(d) = d**2 + 13*d - 63. Let n be b(-17). Suppose -2*p - n*k = 93 - 647, -812 = -3*p + 2*k. List the prime factors of p.
2, 17
Let o(a) = -a**3 + a**2 - a - 1. Let c(z) = -7*z**3 + 20*z**2 + 6*z - 104. Let f(v) = -c(v) + 4*o(v). What are the prime factors of f(10)?
2, 5, 7
Let q = 819 - 819. Let a be (0/(-2))/(1 - 0). Suppose q = 3*x + 3, 3*u - 2*x - x - 207 = a. List the prime factors of u.
2, 17
Let g(h) = 19*h**2 - 79*h + 7. List the prime factors of g(16).
3607
Let j(o) = -1362*o + 1916. List the prime factors of j(-12).
2, 5, 11, 83
Let v be -4 + 1/(-2)*0. Let s be 1/v*12/9*-3. Let l(z) = 85*z**2 - z + 2. What are the prime factors of l(s)?
2, 43
Let z = -64750 - -129040. List the prime factors of z.
2, 3, 5, 2143
Let g(s) = -s**3 + 18*s**2 - s + 18. Let v be g(18). Suppose q + v - 4 = 0. Suppose -q*p = 303 - 795. List the prime factors of p.
3, 41
Let a(i) = -i**3 - i**2 - i + 92. Let m be a(0). Let l = 1238 - 1326. Let u = l + m. What are the prime factors of u?
2
Suppose 25*n - 21*n = -16. What are the prime factors of (-876 + n)/(-4) - -4?
2, 7
Let l(q) = -102*q + 1354. What are the prime factors of l(-8)?
2, 5, 7, 31
Suppose -6*x + 7485 = 91023. What are the prime factors of 4/6*x/(-17)?
2, 3, 7, 13
Suppose -4 = y, 4*a - 108476 = 35*y - 39*y. What are the prime factors of a?
3, 9041
Let y = 1615 - 1105. Suppose 0 = 4*k - 2*k - y. Suppose -9*l + 240 = -k. List the prime factors of l.
5, 11
Suppose -4 = 4*q, -3*q = -2*d - 2*q - 13. Let t(n) = -752*n**2 - 2 - 5*n + 761*n**2 + n**3 - 3. What are the prime factors of t(d)?
2
Let z = -463 - 1. Let l = -182 - z. What are the prime factors of l?
2, 3, 47
Let p(z) = -z**3 - 19*z**2 - 19*z - 22. Let a be p(-19). Let x = -188 + a. Suppose 